{"id":68,"date":"2021-10-07T10:58:54","date_gmt":"2021-10-07T10:58:54","guid":{"rendered":"http:\/\/berliner-tanzpaedagogen.de\/?page_id=68"},"modified":"2024-10-25T06:41:33","modified_gmt":"2024-10-25T06:41:33","slug":"projekte","status":"publish","type":"page","link":"https:\/\/www.tanzpaedagogen-berlin.de\/index.php\/projekte\/","title":{"rendered":"Projekte"},"content":{"rendered":"<div class=\"wrap contentclass\" role=\"document\">\n<div id=\"content\" class=\"container\">\n<div class=\"row single-article\">\n<div class=\"main col-md-12\" role=\"main\">\n<article class=\"post-14 post type-post status-publish format-standard has-post-thumbnail hentry category-allgemein\">\n<header><\/header>\n<div class=\"entry-content\">\n<h1 class=\"ce_headline\">Projekte der Interessengemeinschaft Berliner<\/h1>\n<h1 class=\"ce_headline\">Tanzp\u00e4dagogen<\/h1>\n<div class=\"ce_text block\">\n<h2>Jugend tanzt<\/h2>\n<p>Seit 2004 ist die IBT e.V. Veranstalter des Landeswettbewerbs\u00a0<span class=\"jugend_tanzt\">JUGEND TANZT<\/span>\u00a0\u2013 Berlin im Vorausscheid des<\/p>\n<p>bundesweiten Wettbewerbs des\u00a0<a title=\"Zum Wettbewerb Jugend tanzt beim dbt Remscheid\" href=\"http:\/\/dbt-remscheid.de\/wettbewerbe\/jugend-tanzt.html\" target=\"_blank\" rel=\"noopener\">Deutschen Bundesverband Tanz<\/a>.<\/p>\n<\/div>\n<section class=\"ce_accordion block\">\n<p class=\"toggler\">Landeswettbewerb f\u00fcr Berlin und Umgebung<\/p>\n<div class=\"accordion\">\n<div class=\"ce_text block\">\n<div class=\"teaser\"><\/div>\n<div class=\"ce_text\">\n<p>Tanz steht f\u00fcr Lebensfreude, Ausdruck der Gef\u00fchle, Lust an Bewegung und Verschmelzen mit der Musik.<\/p>\n<p>Kinder und Jugendliche \u00fcber Tanz zu f\u00f6rdern, zu st\u00e4rken und ihnen kulturelle Kompetenzen zu vermitteln,<\/p>\n<p>ist ein besonderes Anliegen. Der Wettbewerb JUGEND TANZT wurde ins Leben gerufen, um Kindern und Jugendlichen<\/p>\n<p>die Chance zu geben, sich zu pr\u00e4sentieren und mit Gleichaltrigen messen zu k\u00f6nnen. Er dient der Steigerung der<\/p>\n<p>Tanzqualit\u00e4t und soll Impulse f\u00fcr neue Bewegungsideen geben. Gleichzeitig bietet der Wettbewerb die M\u00f6glichkeit<\/p>\n<p>zur vielf\u00e4ltigen Begegnung \u00fcber die Landesgrenzen hinaus, zum gegenseitigen Austausch von Erfahrungen<\/p>\n<p>und Wissen, um voneinander und miteinander zu lernen. Seit Beginn des Wettbewerbs im Jahr 2004 haben bereits<\/p>\n<p>mehr als 6.000 Kinder und Jugendliche in den Landeswettbewerben und im Bundeswettbewerb ihr K\u00f6nnen unter<\/p>\n<p>Beweis gestellt und mit gro\u00dfem Erfolg und beeindruckenden Leistungen teilgenommen.<\/p>\n<p>Der Wettbewerb Jugend tanzt ist ein Wettbewerb des Deutschen Bundesverbandes Tanz (DBT).<\/p>\n<p>Er besteht aus Landes- und Bundeswettbewerben, die in aufeinander folgenden Jahren stattfinden.<\/p>\n<p>Der DBT f\u00fchrt den bundesweiten Wettbewerb Jugend tanzt durch. In den einzelnen Bundesl\u00e4ndern werden in<\/p>\n<p>Verantwortung der Landesverb\u00e4nde Tanz die Landeswettbewerbe durchgef\u00fchrt. Die dort ermittelten Preistr\u00e4ger<\/p>\n<p>werden zum Bundeswettbewerb nach Paderborn delegiert.<\/p>\n<p>Die\u00a0<strong>Ausschreibung<\/strong>\u00a0mit allen Informationen, das\u00a0<strong>Anmeldeformular<\/strong>\u00a0und die\u00a0<strong>Erkl\u00e4rungen zu den Kategorien<\/strong>\u00a0kann<\/p>\n<p>man unterhalb dieser Nachricht herunterladen.<\/p>\n<p>Bei Fragen stehen wir gern zur Verf\u00fcgung:\u00a0<a class=\"email\" href=\"mailto:kontakt@berliner-tanzpaedagogen.de\">kontakt@tanzpaedagogen-berlin.de<\/a><\/p>\n<p>Wir freuen uns auf Eure Anmeldungen!<\/p>\n<\/div>\n<\/div>\n<\/div>\n<\/section>\n<div class=\"ce_text block\">\n<h2><\/h2>\n<h2>Welttanztag<\/h2>\n<p>Mit regelm\u00e4\u00dfigen Workshops am 29. April beteiligt sich die IBT an bundesweiten Aktion zum Welttanztag in<\/p>\n<p>Kooperation mit\u00a0<a title=\"Zum Welttanztag bei daCi Deutschland\" href=\"http:\/\/www.daci-deutschland.de\/welttanztag\/\" target=\"_blank\" rel=\"noopener\">daCi Deutschland<\/a>\u00a0und iti Germany. In den letzten Jahren wurden je drei Workshops in Berlin-Friedrichshain<\/p>\n<p>veranstaltet mit Choreographen wie\u00a0Kerstin Bartels,\u00a0Tassilo Ebersbach und\u00a0Muriel Peuckert.<\/p>\n<p>Jedes Jahr\u00a0sind alle tanzenden Kinder und Tanzgruppen herzlich eingeladen, die Lust haben im Sinne des<\/p>\n<p>Welttanztages gemeinsam mit anderen zu tanzen.<\/p>\n<\/div>\n<div class=\"ce_text block\">\n<h2>Tanzfest<\/h2>\n<p>Der Name ist Programm! In einer gro\u00dfen Tanzgala pr\u00e4sentieren sich die Tanzgruppen der IBT-Mitglieder.<\/p>\n<p>Es wird dabei ein buntes Programm verschiedener B\u00fchnentanzrichtungen geboten. Der Termin f\u00fcr das n\u00e4chste<\/p>\n<p>Tanzspektrum ist noch in der Planung.<\/p>\n<\/div>\n<div class=\"ce_text block\">\n<h2>Seneca Intensiv<\/h2>\n<p>wurde durch die IBT initiiert und ist ein berufsbegleitendes Weiterbildungsprogramm, welches Fachkr\u00e4ften aus<\/p>\n<p>der Jugend-, Bildungs- und Kulturarbeit sowie p\u00e4dagogisch interessierten T\u00e4nzern und T\u00e4nzerinnen eine<\/p>\n<p>grundlegende Qualifizierung f\u00fcr die Arbeit mit der Bewegung erm\u00f6glicht.<\/p>\n<p>Weitere Informationen zur Ausbildung gibt es unter\u00a0<a title=\"Zur Seite von Seneca Intensiv\" href=\"http:\/\/www.senecaintensiv.de\/\" target=\"_blank\" rel=\"noopener\">www.senecaintensiv.de<\/a><\/p>\n<\/div>\n<\/div>\n<footer class=\"single-footer\">\n<div><\/div>\n<\/footer>\n<\/article>\n<\/div>\n<\/div>\n<\/div>\n<\/div>\n<footer id=\"containerfooter\" class=\"footerclass\">\n<div class=\"container\">\n<div class=\"row\"><\/div>\n<div class=\"footercredits clearfix\"><\/div>\n<\/div>\n<\/footer>\n","protected":false},"excerpt":{"rendered":"<p>Projekte der Interessengemeinschaft Berliner Tanzp\u00e4dagogen Jugend tanzt Seit 2004 ist die IBT e.V. Veranstalter des Landeswettbewerbs\u00a0JUGEND TANZT\u00a0\u2013 Berlin im Vorausscheid des bundesweiten Wettbewerbs des\u00a0Deutschen Bundesverband Tanz. Landeswettbewerb f\u00fcr Berlin und Umgebung Tanz steht f\u00fcr Lebensfreude, Ausdruck der Gef\u00fchle, Lust an Bewegung und Verschmelzen mit der Musik. Kinder und Jugendliche \u00fcber Tanz zu f\u00f6rdern, zu st\u00e4rken &hellip; <\/p>\n<p class=\"link-more\"><a href=\"https:\/\/www.tanzpaedagogen-berlin.de\/index.php\/projekte\/\" class=\"more-link\"><span class=\"screen-reader-text\">\u201eProjekte\u201c <\/span>weiterlesen<\/a><\/p>\n","protected":false},"author":3,"featured_media":0,"parent":0,"menu_order":0,"comment_status":"closed","ping_status":"closed","template":"","meta":{"footnotes":""},"class_list":["post-68","page","type-page","status-publish","hentry"],"yoast_head":"<!-- This site is optimized with the Yoast SEO plugin v27.6 - https:\/\/yoast.com\/product\/yoast-seo-wordpress\/ -->\n<title>Projekte &#8211; Landesverband f\u00fcr Tanz und Tanzp\u00e4dagogik Berlin e.V.<\/title>\n<meta name=\"robots\" content=\"noindex, follow\" \/>\n<meta property=\"og:locale\" content=\"de_DE\" \/>\n<meta property=\"og:type\" content=\"article\" \/>\n<meta property=\"og:title\" content=\"Projekte &#8211; Landesverband f\u00fcr Tanz und Tanzp\u00e4dagogik Berlin e.V.\" \/>\n<meta property=\"og:description\" content=\"Projekte der Interessengemeinschaft Berliner Tanzp\u00e4dagogen Jugend tanzt Seit 2004 ist die IBT e.V. Veranstalter des Landeswettbewerbs\u00a0JUGEND TANZT\u00a0\u2013 Berlin im Vorausscheid des bundesweiten Wettbewerbs des\u00a0Deutschen Bundesverband Tanz. Landeswettbewerb f\u00fcr Berlin und Umgebung Tanz steht f\u00fcr Lebensfreude, Ausdruck der Gef\u00fchle, Lust an Bewegung und Verschmelzen mit der Musik. Kinder und Jugendliche \u00fcber Tanz zu f\u00f6rdern, zu st\u00e4rken &hellip; \u201eProjekte\u201c weiterlesen\" \/>\n<meta property=\"og:url\" content=\"https:\/\/www.tanzpaedagogen-berlin.de\/index.php\/projekte\/\" \/>\n<meta property=\"og:site_name\" content=\"Landesverband f\u00fcr Tanz und Tanzp\u00e4dagogik Berlin e.V.\" \/>\n<meta property=\"article:modified_time\" content=\"2024-10-25T06:41:33+00:00\" \/>\n<meta name=\"twitter:card\" content=\"summary_large_image\" \/>\n<meta name=\"twitter:label1\" content=\"Gesch\u00e4tzte Lesezeit\" \/>\n\t<meta name=\"twitter:data1\" content=\"2\u00a0Minuten\" \/>\n<script type=\"application\/ld+json\" class=\"yoast-schema-graph\">{\"@context\":\"https:\\\/\\\/schema.org\",\"@graph\":[{\"@type\":\"WebPage\",\"@id\":\"https:\\\/\\\/www.tanzpaedagogen-berlin.de\\\/index.php\\\/projekte\\\/\",\"url\":\"https:\\\/\\\/www.tanzpaedagogen-berlin.de\\\/index.php\\\/projekte\\\/\",\"name\":\"Projekte &#8211; Landesverband f\u00fcr Tanz und Tanzp\u00e4dagogik Berlin e.V.\",\"isPartOf\":{\"@id\":\"https:\\\/\\\/www.tanzpaedagogen-berlin.de\\\/#website\"},\"datePublished\":\"2021-10-07T10:58:54+00:00\",\"dateModified\":\"2024-10-25T06:41:33+00:00\",\"breadcrumb\":{\"@id\":\"https:\\\/\\\/www.tanzpaedagogen-berlin.de\\\/index.php\\\/projekte\\\/#breadcrumb\"},\"inLanguage\":\"de\",\"potentialAction\":[{\"@type\":\"ReadAction\",\"target\":[\"https:\\\/\\\/www.tanzpaedagogen-berlin.de\\\/index.php\\\/projekte\\\/\"]}]},{\"@type\":\"BreadcrumbList\",\"@id\":\"https:\\\/\\\/www.tanzpaedagogen-berlin.de\\\/index.php\\\/projekte\\\/#breadcrumb\",\"itemListElement\":[{\"@type\":\"ListItem\",\"position\":1,\"name\":\"Home\",\"item\":\"https:\\\/\\\/www.tanzpaedagogen-berlin.de\\\/\"},{\"@type\":\"ListItem\",\"position\":2,\"name\":\"Projekte\"}]},{\"@type\":\"WebSite\",\"@id\":\"https:\\\/\\\/www.tanzpaedagogen-berlin.de\\\/#website\",\"url\":\"https:\\\/\\\/www.tanzpaedagogen-berlin.de\\\/\",\"name\":\"LTTB e.V.\",\"description\":\"\",\"potentialAction\":[{\"@type\":\"SearchAction\",\"target\":{\"@type\":\"EntryPoint\",\"urlTemplate\":\"https:\\\/\\\/www.tanzpaedagogen-berlin.de\\\/?s={search_term_string}\"},\"query-input\":{\"@type\":\"PropertyValueSpecification\",\"valueRequired\":true,\"valueName\":\"search_term_string\"}}],\"inLanguage\":\"de\"}]}<\/script>\n<!-- \/ Yoast SEO plugin. -->","yoast_head_json":{"title":"Projekte &#8211; Landesverband f\u00fcr Tanz und Tanzp\u00e4dagogik Berlin e.V.","robots":{"index":"noindex","follow":"follow"},"og_locale":"de_DE","og_type":"article","og_title":"Projekte &#8211; Landesverband f\u00fcr Tanz und Tanzp\u00e4dagogik Berlin e.V.","og_description":"Projekte der Interessengemeinschaft Berliner Tanzp\u00e4dagogen Jugend tanzt Seit 2004 ist die IBT e.V. Veranstalter des Landeswettbewerbs\u00a0JUGEND TANZT\u00a0\u2013 Berlin im Vorausscheid des bundesweiten Wettbewerbs des\u00a0Deutschen Bundesverband Tanz. Landeswettbewerb f\u00fcr Berlin und Umgebung Tanz steht f\u00fcr Lebensfreude, Ausdruck der Gef\u00fchle, Lust an Bewegung und Verschmelzen mit der Musik. Kinder und Jugendliche \u00fcber Tanz zu f\u00f6rdern, zu st\u00e4rken &hellip; \u201eProjekte\u201c weiterlesen","og_url":"https:\/\/www.tanzpaedagogen-berlin.de\/index.php\/projekte\/","og_site_name":"Landesverband f\u00fcr Tanz und Tanzp\u00e4dagogik Berlin e.V.","article_modified_time":"2024-10-25T06:41:33+00:00","twitter_card":"summary_large_image","twitter_misc":{"Gesch\u00e4tzte Lesezeit":"2\u00a0Minuten"},"schema":{"@context":"https:\/\/schema.org","@graph":[{"@type":"WebPage","@id":"https:\/\/www.tanzpaedagogen-berlin.de\/index.php\/projekte\/","url":"https:\/\/www.tanzpaedagogen-berlin.de\/index.php\/projekte\/","name":"Projekte &#8211; Landesverband f\u00fcr Tanz und Tanzp\u00e4dagogik Berlin e.V.","isPartOf":{"@id":"https:\/\/www.tanzpaedagogen-berlin.de\/#website"},"datePublished":"2021-10-07T10:58:54+00:00","dateModified":"2024-10-25T06:41:33+00:00","breadcrumb":{"@id":"https:\/\/www.tanzpaedagogen-berlin.de\/index.php\/projekte\/#breadcrumb"},"inLanguage":"de","potentialAction":[{"@type":"ReadAction","target":["https:\/\/www.tanzpaedagogen-berlin.de\/index.php\/projekte\/"]}]},{"@type":"BreadcrumbList","@id":"https:\/\/www.tanzpaedagogen-berlin.de\/index.php\/projekte\/#breadcrumb","itemListElement":[{"@type":"ListItem","position":1,"name":"Home","item":"https:\/\/www.tanzpaedagogen-berlin.de\/"},{"@type":"ListItem","position":2,"name":"Projekte"}]},{"@type":"WebSite","@id":"https:\/\/www.tanzpaedagogen-berlin.de\/#website","url":"https:\/\/www.tanzpaedagogen-berlin.de\/","name":"LTTB e.V.","description":"","potentialAction":[{"@type":"SearchAction","target":{"@type":"EntryPoint","urlTemplate":"https:\/\/www.tanzpaedagogen-berlin.de\/?s={search_term_string}"},"query-input":{"@type":"PropertyValueSpecification","valueRequired":true,"valueName":"search_term_string"}}],"inLanguage":"de"}]}},"_links":{"self":[{"href":"https:\/\/www.tanzpaedagogen-berlin.de\/index.php\/wp-json\/wp\/v2\/pages\/68","targetHints":{"allow":["GET"]}}],"collection":[{"href":"https:\/\/www.tanzpaedagogen-berlin.de\/index.php\/wp-json\/wp\/v2\/pages"}],"about":[{"href":"https:\/\/www.tanzpaedagogen-berlin.de\/index.php\/wp-json\/wp\/v2\/types\/page"}],"author":[{"embeddable":true,"href":"https:\/\/www.tanzpaedagogen-berlin.de\/index.php\/wp-json\/wp\/v2\/users\/3"}],"replies":[{"embeddable":true,"href":"https:\/\/www.tanzpaedagogen-berlin.de\/index.php\/wp-json\/wp\/v2\/comments?post=68"}],"version-history":[{"count":9,"href":"https:\/\/www.tanzpaedagogen-berlin.de\/index.php\/wp-json\/wp\/v2\/pages\/68\/revisions"}],"predecessor-version":[{"id":676,"href":"https:\/\/www.tanzpaedagogen-berlin.de\/index.php\/wp-json\/wp\/v2\/pages\/68\/revisions\/676"}],"wp:attachment":[{"href":"https:\/\/www.tanzpaedagogen-berlin.de\/index.php\/wp-json\/wp\/v2\/media?parent=68"}],"curies":[{"name":"wp","href":"https:\/\/api.w.org\/{rel}","templated":true}]}}